+ 0)?
7
8 + 4 + (0 - 11)
1
What is the value of 3 + (8 - 16 - -10)?
5
Calculate -6 + 7 + -1 - -4.
4
What is -5 - 3 - (-4 - (-4 + 3))?
-5
8 + -12 - (1 + 2)
-7
-14 - ((-22 - -7) + 7)
-6
What is -7 - (7 + (7 + -4 - 11))?
-6
What is the value of -1 + 0 - (-1 + -4 + 5)?
-1
What is -1 - (1 - (-2 + 4 + -1))?
-1
Evaluate 0 + (6 - 0) - (98 - 93).
1
What is the value of 2 + 9 + -15 + (-1 - -7)?
2
What is the value of 14 - (-11 - -9) - 9?
7
Calculate -13 + 16 + -8 - -2.
-3
Calculate -2 + 3 + -2 - 3.
-4
11 - (19 - (11 - 9))
-6
What is the value of -2 - -4 - -3 - 3?
2
18 + -39 - (6 - 18)
-9
What is the value of -1 + 2 - ((-3 - 0) + 8)?
-4
What is 1 + 7 + -14 + -1?
-7
What is the value of 0 - (-11 + 3 + 3)?
5
Calculate (-1 - 0) + -31 + 35 - 3.
0
3 + (-1 + 3 - (3 + -3))
5
Calculate -2 - (3 - (6 + -3)).
-2
What is the value of -2 + -2 - ((3 - 7) + 0)?
0
What is the value of -2 - (-2 + 3 + 4 + -2)?
-5
What is the value of -9 + 12 + -18 + 10?
-5
Calculate -2 + -4 + 8 + -4.
-2
1 - (5 - (0 + 6) - -1)
1
What is -2 - (-1 + 2 + -2)?
-1
What is (-6 - -3 - 1) + 11?
7
8 + (-3 - (4 - 4))
5
Evaluate (-17 - (22 + -37)) + 11 + 0.
9
What is the value of 7 + (25 - 21) + (-6 - 0)?
5
What is the value of (7 + -15 - 4) + 7 + -1?
-6
Evaluate -3 - ((-7 - 2) + 4 + 2).
0
5 + (2 - (12 + (4 - 7)))
-2
What is the value of 2 + (1 - 0 - -2) + -1?
4
Calculate -2 + 8 - (-3 - -8) - -6.
7
What is -6 + 5 + 4 + -1?
2
Calculate -1 + (19 + -2 - 13).
3
What is -1 + 3 + 2 + -3?
1
0 - -1 - (6 - 4)
-1
88 + -81 - (4 - (2 + -2))
3
What is (-2 + 1 - -1) + -18 + 14?
-4
What is -12 + 10 + (3 - -4)?
5
What is -1 - (-2 - 0) - (20 - 21)?
2
Calculate (-2 - 8) + 51 + -40.
1
Calculate -5 - -9 - 8 - -13 - 2.
7
3 + -5 + (2 - -8)
8
What is 3 - (-2 + (-1 - -2))?
4
What is the value of (155 - 165) + 0 + 0?
-10
Evaluate 3 - (1 - 8 - -9).
1
Evaluate 3 + -7 + (-3 - -6) - -2.
1
Calculate -14 + 6 + (-4 - -7) + -3.
-8
Evaluate (-8 - -13) + (3 - 5).
3
-2 - (-6 + -1 + 1 + 3)
1
What is 3 + 3 + 0 + 1 + -6?
1
What is 0 + 2 + -3 - -1?
0
Calculate 1 + -7 - (-15 - -6).
3
Calculate (-7 - -4) + -6 + 4 + 8.
3
-767 + 763 + 1 + 1 + 0
-2
What is 0 + (13 - 12) + 8?
9
Calculate (0 + -5 - -7) + 0 - 4.
-2
(38 - 38) + -4 + -2 + 1
-5
2 - 6 - (0 - (-12 - -25))
9
Calculate (1 - -2) + 4 + -5.
2
-2 + (0 - 2) + (-3 - -3)
-4
-1 + (0 - -2 - 7 - -3)
-3
Evaluate 2 + (10 - 8) + (6 - 19).
-9
Evaluate 0 - 9 - (-3 - -4).
-10
Calculate -4 + 7 + (0 - (-1 + 1)).
3
What is -1 + 0 - (-4 + 6)?
-3
Evaluate 2 - (-6 - -8) - 5.
-5
Calculate -2 - (-11 + 12 + (0 - 5)).
2
Evaluate 5 - (-1 - -6 - -2 - 3).
1
Calculate -6 - (-11 + 16) - -19.
8
Calculate 5 + -7 + 5 - (5 + -1).
-1
What is (-2 - 1) + -14 + 18 + -4?
-3
5 - (2 - (-2 + 1))
2
(-1 - -3) + (0 - 7)
-5
Evaluate -12 + 14 - (2 - (-1 + 2)).
1
What is 2 - (3 - 4) - 5?
-2
What is the value of 5 - (0 - -1 - (-47 - -54))?
11
-2 + 2 + (-3 - -4)
1
Calculate (-1 - -6) + -3 + 2.
4
Evaluate (0 - 0) + 6 - (-242 + 243).
5
What is 3 + -10 + 3 + (4 - 1)?
-1
Evaluate 13 + (7 - (14 + 3)).
3
3 - (5 - 7 - -3)
2
Evaluate -6 + (-3 - 0) + (9 - 4).
-4
Evaluate (0 - ((-3 - -2) + 3)) + -1.
-3
Calculate -2 + -1 - (-15 - -14).
-2
-10 + 10 - (-5 - -2)
3
(-4 - -7) + 3 + -6
0
(1 + 2 - 3) + -1 - 1
-2
-5 - ((4 - 0) + -10)
1
What is -1 - (13 - ((2 - -2) + 2))?
-8
Calculate 0 - -1 - -1 - (-109 + 107).
4
Calculate 2 - ((7 + -13 - -14) + -3).
-3
-8 + 11 + -3 - (-1 + 6)
-5
What is the value of (7 + -10 - -8) + 0?
5
Calculate 11 - (-12 - -22 - -8).
-7
-1 + 6 + 1 - 6
0
What is -15 - -20 - 7 - (-1 + 6)?
-7
Evaluate (5 - 5) + (-5 - -1).
-4
Calculate (3 - (4 - 6)) + -5.
0
What is the value of (-4 - -1 - 2) + (7 - 4)?
-2
What is the value of (-2 + 6 - 2) + 3?
5
What is the value of 0 + 2 + 0 + 3?
5
What is the value of (-3 - (0 + 0)) + 7 - 0?
4
Evaluate (6 - 3) + 3 - (0 - -3).
3
What is the value of (4 + -9 - -1) + 5?
1
Calculate 9 + -13 + (-4 - (-9 - -2)).
-1
-4 - (-2 - 2) - (-1 + -2)
3
What is 0 + -5 - (0 + -8)?
3
Evaluate 7 - (17 + 0 + -6 + -1).
-3
What is -3 + -4 + -7 + 14 - 6?
-6
Calculate 94 + -89 + (-5 - -1).
1
What is (-4 - (-1 + -3)) + -2?
-2
What is the value of -53 + 51 + -1 + (-1 - -4)?
0
Evaluate (-3 - (9 - (16 - 8))) + 4.
0
Calculate -4 - (4 + -7 + -1 + 5).
-5
What is the value of -1 - (2 + 0 + -8 + 0)?
5
What is (-10 - -4) + 4 - -1?
-1
-10 + (7 - 3) + -1 + 1
-6
What is the value of (46 - 55) + 7 + 1?
-1
What is the value of 1 - 0 - (14 + -3) - -5?
-5
3 + (0 - 2) + (-12 - -17)
6
What is the value of -3 + 0 + 1 + -2?
-4
Evaluate (7 - (4 - 2)) + 0 + -1.
4
Evaluate (-2 - (1 + -1)) + (-4 - -8).
2
Evaluate 0 + (10 - (-12 + 32)).
-10
-7 + 17 + -2 + -7
1
Calculate 0 + 6 - (-3 - -7 - 3).
5
Evaluate -11 + (-1 - -1) + 6.
-5
Evaluate 28 + -29 - ((-2 - 1) + -7).
9
Calculate -2 - (1 + -5 + -2 + 0).
4
What is the value of -2 + 11 + -6 + 1?
4
Calculate -10 - -16 - (-3 + 5).
4
(4 - 2) + -9 + 0 - -3
-4
What is (6 - -2) + (-7 - (-12 - -8))?
5
What is the value of -2 + 6 + (1 - 6)?
-1
Calculate 4 + 1 - -1 - 3.
3
Evaluate 4 - (1 + 1 + 3 - 4).
3
-6 + (6 - 5) - 5 - -6
-4
Evaluate -1 - (-5 + 10 + 0 + 1).
-7
What is the value of 0 + (-1 - -1) - (36 - 37)?
1
1 - -2 - (4 + 4 - 5)
0
Calculate -1 + 1 + -29 + 36.
7
What is (0 - 2) + -3 + -2?
-7
7 + 3 + -16 - (-5 - 0)
-1
-12 - (3 - (0 - -10))
-5
Calculate -9 + 5 + 9 - 6.
-1
What is the value of 9 + -9 + 1 + -3 + 4?
2
Calculate 3 + -2 + 4 + -5.
0
What is 1 - (2 - (-6 + (0 - -9)))?
2
Evaluate -6 + (1 - -3) + (-1 - -2).
-1
What is the value of (5 - (10 + 0)) + -10 + 11?
-4
Calculate 4 - (4 - (-11 + 16)).
5
What is 4 - (0 - (3 + -12))?
-5
What is 3 - (5 - (-1 + 2))?
-1
(2 - -4) + (-6 - 5 - 1)
-6
What is the value of -1 + 13 + -1 + 35 + -41?
5
What is -23 - -20 - (2 - 8)?
3
Evaluate -1 - (4 + -4 - 1).
0
Calculate 1 - ((1 - 4) + 4).
0
Calculate (-6 + 2 + 0 - -8) + -3.
1
What is -7 + 5 + 0 + (-1 - -3)?
0
Evaluate (-1 - -8) + (7 - 0) + -9.
5
What is 4 - (6 - (6 + 1) - 0)?
5
Calculate (-2 - (-4 + 11)) + 7.
-2
What is -1 - (9 + -2 - 7)?
-1
What is -5 + 4 - (2 + -6)?
3
Calculate 10 + 12 + -6 + -12.
4
Calculate -1 + 1 + (15 - 14 - -6).
7
What is 4 + -11 - -1 - -2?
-4
Evaluate (-2 + -1 - -3) + 3.
3
Calculate 7 - (-6 - -3) - 5.
5
-8 - -9 - (3 - 0)
-2
Calculate 12 + -3 + (-37 - -30).
2
What is (25 - 18) + (2 - -1)?
10
(-7 - -3) + (1 - -5)
2
0 + 3 + (-5 - -4) + 2
4
Evaluate (13 + -15 - (4 - 1)) + -2.
-7
-7 + (14 + -17 - (-5 - 1))
-4
Evaluate (3 - 2 - -3) + 1 + -6.
-1
3 + -2 + 3 + -8 + -7
-11
Calculate 6 - (6 + (1 - 0)).
-1
What is the value of 6 - (-4 + (1 + 0 - -5))?
4
-8 + 3 + 1 + 0 - 3
-7
Evaluate (-4 - (1 + -2 - 0)) + 7.
4
What is (4 - (6 + -19)) + -10?
7
Calculate 5 + 1 + 1 + (1 - 1).
7
Calculate -7 - (-21 + -1) - 9.
6
Calculate (23 - 29) + 2 + 0.
-4
What is the value of ((-2 - -1) + -1 - -4) + 5?
7
Evaluate 3 + (2 + -5 - 4).
-4
Calculate -2 - (2 - -1 - (0 + 2)).
-3
80 + -83 + 3 + 1
1
What is 13 + -13 + -2 + (4 - 0)?
2
-5 - (-1 - -3 - 5)
-2
Evaluate (2 - ((-1 - -1) + -6)) + -3.
5
What is the value of (2 - (0 + 2)) + 4?
4
What is the value of -7 + 5 + (-8 - -6)?
-4
Calculate -16 - (-8 + -1) - -10.
3
What is the value of 0 + -3 + 4 - (5 - 0)?
-4
What is 5 + (-1 - (-3 + 10 - 4))?
1
What is 4 + 1 + 0 - (-4 - -7)?
2
What is -17 + 31 + -9 + -1 + 1?
5
What is (-1 - 2) + (-14 - -24)?
7
What is the value of -19 + 7 - (-7 + -3)?
-2
What is the value of (-2 - -9) + (25 - 20) - 2?
10
Calculate -3 - (-4 + -3 - -4).
0
What is 4 + 0 + (5 - 7)?
2
Calculate -5 + 2 + 4 - 5.
-4
Calculate 3 - 1 - (-5 + 11 + -1).
-3
What is 2 + (41 - 42) + (-1 - 1)?
-1
Calculate (-2 - (0 - 2) - 3) + -2.
-5
What is the value of 5 - (2 - -2) - (2 + -2)?
1
What is 4 - (7 + (-10 - -4))?
3
Evaluate 3 - (-2 + -4 - -3 - -11).
-5
What is 8 - 5 - (0 - 2)?
5
What is the value of 15 + -20 + 7 + 1?
3
What is the value of -3 - (-5 + 7 - 0 - 4)?
-1
What is the value of 5 - (0 + (4 - -3))?
-2
0 + (-2 - (6 + -6))
-2
What is the value of 9 + 0 + -13 + 4?
0
What is the value of -7 + 7 + -5 + 4?
-1
-4 - (6 + -3 + (0 - 2))
-5
Evaluate -9 + 17 + (-9 - -1).
0
Calculate -5 + 10 + -6 + 1 - -3.
3
What is the value of 5 + (0 - 1) - (-15 - -13)?
6
(-1 - -5) + -10 + -4 + 14
4
(8 + 4 - 6 - -3) + -9
0
What is 4 + 0 + -11 + 6?
-1
Evaluate 4 + 4 + -14 - (6 + -6).
-6
What is the value of 2 + -9 + (-7 - 5) + 14?
-5
What is the value of 3 + -5 + 1 - (2 - 1)?
-2
What is (-4 - -8) + -3 + -7?
-6
Calcu